*o**2 - 9960*o + 1106. Determine b(-369).
-1
Let t(m) = m**3 - 6*m**2 - 163*m + 9. Determine t(-10).
39
Let g(r) = -391*r - 399. Determine g(-1).
-8
Let k(a) = -26*a**2 - 4989*a + 588. Calculate k(-192).
12
Let n(f) = f**3 - 146*f**2 - 71*f - 11179. Determine n(147).
-7
Let j(u) = u**3 - 18*u + 17. Calculate j(1).
0
Let h(z) = -375*z - 3385. Determine h(-9).
-10
Let i(l) = -9*l + 185. Calculate i(20).
5
Let k(w) = -w**2 + 114*w - 2261. Calculate k(26).
27
Let v(c) = -179*c - 17358. Determine v(-97).
5
Let h(d) = 60*d**2 - 1283*d - 1283. What is h(-1)?
60
Let l(v) = v**3 + 23*v**2 - 30*v + 86. Give l(-24).
230
Let x(y) = 14*y**2 - 12*y - 69. Give x(3).
21
Let m(y) = y**2 - 11*y - 50. What is m(15)?
10
Let r(k) = -8*k**2 + 79*k - 30. Calculate r(9).
33
Let x(s) = s**3 - 22*s**2 + 188*s - 813. What is x(12)?
3
Let j(p) = -131*p**2 - 777*p + 13. What is j(-6)?
-41
Let y(s) = 125*s - 74. What is y(1)?
51
Let x(l) = l**2 + l + 5. What is x(-8)?
61
Let x(u) = 2*u**3 + 22*u**2 - 63*u - 699. Give x(-11).
-6
Let x(g) = -325*g - 18224. What is x(-56)?
-24
Let z(k) = -39*k**2 + 30*k - 80. What is z(5)?
-905
Let k(p) = -p**3 + 5*p**2 + 171*p + 10. Give k(16).
-70
Let o(h) = 7*h**2 + 9*h + 3. Determine o(6).
309
Let c(l) = -2*l**3 + 13*l**2 - 6*l + 3. Give c(6).
3
Let r(o) = -4*o**3 + 10*o**2 + 18*o - 27. Determine r(4).
-51
Let q(l) = -2*l**2 + 28*l - 120. What is q(9)?
-30
Let m(x) = 35*x - 907. Calculate m(26).
3
Let t(l) = -l**3 + 56*l**2 + 51*l + 349. Determine t(57).
7
Let v(p) = -69*p - 895. What is v(-13)?
2
Let d(o) = 2*o**3 - 4*o - 9. Give d(-2).
-17
Let x(r) = r**3 + 61*r**2 - 116*r + 576. Give x(-63).
-54
Let n(t) = 77*t**2 - 95*t - 10. Determine n(1).
-28
Let x(t) = -t**3 - 7*t**2 + 8*t - 3. Calculate x(3).
-69
Let c(v) = 2037*v - 20371. Determine c(10).
-1
Let s(h) = -272*h - 1950. Give s(-8).
226
Let o(u) = -65*u**2 + 7*u - 1. Calculate o(1).
-59
Let w(d) = 708*d**2 + 1397*d - 38. Calculate w(-2).
0
Let d(w) = 17*w - 229. Calculate d(18).
77
Let j(u) = -18*u - 520. Calculate j(-32).
56
Let b(h) = -14*h**2 - 257*h - 66. Calculate b(-18).
24
Let v(y) = 2*y**3 + 3*y**2 - 9*y - 57. Calculate v(-5).
-187
Let s(n) = 1774*n - 3550. What is s(2)?
-2
Let q(i) = -i**3 + 8*i**2 + 8*i - 109. What is q(8)?
-45
Let w(n) = n**2 - 81*n - 79. Calculate w(82).
3
Let b(m) = -1315*m - 30238. Give b(-23).
7
Let u(q) = 3*q**2 + 42*q + 109. Calculate u(-12).
37
Let q(u) = -4*u**2 + 29*u + 1. What is q(1)?
26
Let h(a) = -a**3 + 44*a**2 - 52*a + 220. Give h(43).
-167
Let v(g) = -g**3 + 9*g**2 + 12. Calculate v(8).
76
Let y(g) = -g**2 - 17*g - 17. Give y(10).
-287
Let a(h) = 16*h**2 - 144*h + 146. What is a(1)?
18
Let w(x) = -403*x - 2. What is w(-2)?
804
Let c(p) = 161*p - 1202. Calculate c(8).
86
Let m(b) = -1055*b - 110779. Give m(-105).
-4
Let z(n) = -n**3 - 41*n**2 + 2*n - 136. Give z(-41).
-218
Let g(p) = 5*p**2 + p - 57. Give g(0).
-57
Let p(h) = -6*h**2 + 72*h - 472. Calculate p(6).
-256
Let g(j) = 2*j**3 - 28*j**2 - 5. Give g(14).
-5
Let f(z) = -z**3 - 10*z**2 + 6*z + 22. Determine f(-10).
-38
Let m(s) = s**3 - 21*s**2 - 28*s + 11. Give m(0).
11
Let b(s) = 20*s + 429. Give b(-30).
-171
Let b(k) = -41*k - 263. Determine b(-13).
270
Let s(i) = 13*i - 536. Calculate s(36).
-68
Let r(u) = 368*u + 2811. What is r(-6)?
603
Let z(a) = -a**3 + 8*a**2 + 108*a + 7. What is z(15)?
52
Let f(w) = -3*w**2 + 98*w + 439. Give f(37).
-42
Let c(o) = o**3 + 87*o**2 + 171*o + 84. What is c(-85)?
-1
Let t(s) = 36*s + 78. Determine t(-4).
-66
Let a(l) = -3*l**2 + 41*l - 214. Determine a(7).
-74
Let a(r) = r**3 + r**2 + 13*r + 70. Give a(-4).
-30
Let u(z) = 4*z**3 - 165*z**2 + 41*z - 13. Determine u(41).
-13
Let k(l) = 11*l**2 + 2*l + 2. Calculate k(0).
2
Let p(n) = -37*n**2 - 14. Calculate p(-5).
-939
Let w(p) = 82*p**2 + p - 2. Give w(1).
81
Let q(c) = c**3 + 19*c**2 + 60*c - 7. Determine q(-15).
-7
Let o(s) = 33*s - 102. What is o(9)?
195
Let k(i) = 2*i**2 + 49*i - 24. Determine k(-27).
111
Let a(h) = -21*h - 240. Give a(-9).
-51
Let b(a) = 49*a**3 - 49*a**2 + 2*a - 1. Determine b(1).
1
Let y(t) = 7*t**2 + 102*t - 1. Give y(-12).
-217
Let b(x) = -2*x**2 + 1. Give b(3).
-17
Let w(d) = 240*d**2 + 12722*d + 128. Give w(-53).
22
Let l(o) = 13*o**2 - 31*o - 31. What is l(-1)?
13
Let i(a) = -a**3 - 23*a**2 - 96*a - 50. Calculate i(-17).
-152
Let a(p) = 6*p + 27. Determine a(-17).
-75
Let d(w) = 2*w**2 - 720*w - 5861. What is d(-8)?
27
Let a(i) = 73*i**2 - 584*i + 8. What is a(8)?
8
Let r(n) = 113*n + 23389. What is r(-207)?
-2
Let t(s) = 5*s**3 + 147*s**2 + 74*s + 458. Determine t(-29).
-6
Let j(x) = x**3 - 31*x**2 + 80*x + 220. Give j(28).
108
Let v(y) = -15*y**2 + 23*y + 2. Calculate v(2).
-12
Let q(m) = -10*m**2 - 6*m + 50. Determine q(-6).
-274
Let v(b) = 7*b - 115. Calculate v(-6).
-157
Let g(r) = -r**2 - 214*r - 3600. Determine g(-18).
-72
Let p(k) = -4*k + 118. Calculate p(12).
70
Let l(s) = -s**3 + 23*s**2 + 7*s - 141. Give l(23).
20
Let t(c) = -10*c**3 + 28*c + 35. Determine t(-3).
221
Let i(a) = -a**2 + a + 73. Give i(11).
-37
Let i(l) = 6*l + 446. Determine i(-79).
-28
Let r(v) = -4*v**2 - 30*v + 90. What is r(-13)?
-196
Let c(w) = -255*w - 1828. Give c(-7).
-43
Let d(h) = -46*h - 9071. Determine d(-197).
-9
Let m(o) = -247*o - 5186. Determine m(-21).
1
Let f(s) = 134*s + 885. Calculate f(-8).
-187
Let y(g) = 5*g**2 + 325*g - 97. What is y(-64)?
-417
Let r(f) = -47*f**2 + 123*f + 29. Calculate r(3).
-25
Let r(d) = -3*d + 67. Give r(5).
52
Let b(u) = -u**2 - 7*u + 67. Determine b(-34).
-851
Let g(i) = -4*i**2 + 146*i + 919. What is g(42)?
-5
Let h(y) = -y**3 - 20*y**2 - 28*y + 25. Determine h(-18).
-119
Let b(d) = -18*d - 763. What is b(-42)?
-7
Let p(b) = 50*b + 938. Determine p(-19).
-12
Let j(r) = -2*r**2 + 7*r + 10. Calculate j(7).
-39
Let t(n) = 4*n + 89. Give t(-6).
65
Let u(z) = -23*z**2 + 170*z + 85. What is u(8)?
-27
Let d(k) = 17*k**2 - 10*k - 11. What is d(-1)?
16
Let m(u) = u**3 + u**2 - 388*u + 5. Calculate m(-21).
-667
Let b(o) = 3*o**2 + 3*o - 53. What is b(0)?
-53
Let q(b) = 10*b**2 - 34*b + 105. Give q(4).
129
Let y(w) = 10*w**3 + 363*w**2 + 100*w - 296. Calculate y(-36).
-8
Let g(x) = 75*x**2 + 1352*x - 6. Determine g(-18).
-42
Let f(g) = 98*g - 20. Determine f(-2).
-216
Let i(o) = o**3 + 57*o**2 - 345*o - 2169. Determine i(-62).
1
Let s(i) = i**3 + 10*i**2 - 311*i - 2592. Determine s(-8).
24
Let j(p) = p**2 + 34*p + 127. Determine j(-28).
-41
Let p(u) = 58*u - 421. What is p(8)?
43
Let y(f) = -19*f**2 + 363*f - 60. What is y(19)?
-22
Let z(j) = j**3 + 37*j**2 + 307*j - 12. What is z(-23)?
333
Let y(r) = 7*r - 490. What is y(66)?
-28
Let j(z) = -2*z**2 - 9*z + 11. Determine j(5).
-84
Let z(p) = 49*p**2 - 10*p - 10. Calculate z(-1).
49
Let g(y) = 36*y - 38. What is g(8)?
250
Let f(c) = 62*c**3 - 2*c**2 + 22*c - 21. Determine f(1).
61
Let p(a) = -a**3 + 26*a**2 - 51*a - 452. Calculate p(23).
-38
Let s(y) = y**2 - 59*y + 20. Calculate s(58).
-38
Let g(t) = 2006*t - 8158. Calculate g(4).
-134
Let z(d) = -d**2 - 6*d - 46. What is z(23)?
-713
Let o(n) = -n**2 - 18*n + 36. Give o(-20).
-4
Let p(f) = f**3 - 3*f**2 - 15*f + 31. Give p(2).
-3
Let b(a) = -a**3 + 4*a**2 + 2*a + 12. Give b(0).
12
Let z(n) = -325*n + 8. What is z(0)?
8
Let i(r) = 39*r**3 - 12*r**2 - 35*r - 10. Give i(-2).
-300
Let v(l) = 255*l + 763. Calculate v(-3).
-2
Let o(w) = 9*w - 8. Determine o(6).
46
Let t(r) = 276*r - 6877. Calculate t(25).
23
Let y(s) = 416*s - 2877. Give y(7).
35
Let i(q) = -251*q + 1035. What is i(4)?
31
Let y(p) = p**3 + 5*p**2 - 26*p + 21. What is y(-8)?
37
Let d(u) = 38*u - 669. What is d(20)?
91
Let v(z) = -z**3 - 42*z**2 + 40*z - 96. Determine v(-43).
33
Let a(i) = 53*i + 99. Give a(-5).
-166
Let h(d) = -2*d**2 - 61*d + 474. Give h(8).
-142
Let x(v) = 7*v + 207. What is x(18)?
333
Let n(y) = 19*y - 1364. Determine n(68).
-72
Let p(t) = -2*t - 98. Give p(-50).
2
Let m(f) = -2*f**2 - 154*f + 1345. Determine m(8).
-15
Let h(u) = u**3 + 15*u**2 - 61*u - 17. Determine h(-18).
109
Let w(x) = -x**3 + 16*x**2 - 121*x + 890. Give w(12).
14
Let d(w) = -214*w**3 - 6*w**2 + 4*w + 1. Give d(1).
-215
Let a(u) = -96*u - 2881. Calculate a(-29).
-97
Let u(l) = l**3 - 38*l**2 - 101*l + 867. What is u(40)?
27
Let m(t) = t**2 - 11*t - 29. Determine m(-5).
51
Let n(b) = 4*b**2 - 1043*b 